-1))) + 4.
-7
What is the value of -3 + -20 + 46 - 10?
13
What is the value of -10 + (3 - -4 - 2)?
-5
What is (6 - (-3 - -17)) + -3 + 2 + 0?
-9
Evaluate 4 + 0 - (-5 + 16 + 0).
-7
Evaluate 9 + (-3 - -1) + 4 + -8.
3
-9 + (-8 - -16) - -8 - 4
3
9 + -10 + 0 + -1 + 1
-1
What is -19 + 13 + 1 + 10?
5
What is the value of 13 + -6 + (1 - 7) + -9?
-8
Calculate (-11 - (4 + 12 - 29)) + 3.
5
(-211 - -194) + -1 + 14 + 43
39
What is the value of (7 - 31) + 2 - -44?
22
(-15 - -11 - 1) + -9 + 11
-3
-1 + (5 + (5 - 9) - (-1 - 3))
4
(1 + -5 - 2) + (-47 - -44)
-9
Evaluate (-12 + 40 - 33) + (5 - (4 - -23)).
-27
What is (10 - 13) + -2 + 6?
1
Evaluate -6 + 1 - ((-7 - -7) + (-5 - 1)).
1
What is (-18 - -3) + 3 + 12 - 6?
-6
-3 - -2 - (2 + (9 - 3) + 0)
-9
What is 2 + -7 + 8 + -5 - (-3 + -3)?
4
10 + 1 - 0 - (28 - (77 - 63))
-3
What is the value of (-1 - 1) + 0 + -5 + 1343 + -1322?
14
What is (10 - 13) + 9 + (1 - 10)?
-3
Evaluate (-79 - -74) + (-1 - 1) + 17.
10
Evaluate 3 + -10 + 0 + (4 - (-18 - -31)).
-16
Evaluate 18 - (-15 + -47 - -42).
38
Calculate 3 + -1 + 4 + 6 + (-9 - -9).
12
Evaluate -3 - -2 - (1 + -7 + -6 + 6).
5
Calculate (-3 - (17 + -24)) + 7 - (3 - -15).
-7
What is the value of -18 + (18 - ((-1 - -2) + 7))?
-8
8 - (-6 + 18 + 0 + 3)
-7
What is -12 + (-19 - (-11 + (-9 - -6)))?
-17
What is (37 - 44) + (0 - (-5 - -2 - 0))?
-4
-1238 + 1222 + (17 - (1 + -1))
1
Calculate 5 + (7 + 2 - (-17 - -22)).
9
What is -5 + (0 + 6 - (-27 - -28)) - -13?
13
What is the value of 130 - 136 - (-4 + (-1 - 0))?
-1
-25 - (-64 + 22 - -10)
7
Calculate 2 + (-6 + 8 - -4).
8
What is -10 + 6 + -11 + 10 + -17?
-22
Calculate (1 - (-2 + 4 + 0)) + (-3 - -19).
15
What is the value of 0 + 2 + (18 - (8 - 9)) + -3?
18
-11 - (22 + -29 + -19)
15
What is the value of -12 + (-15 - (6 - 5))?
-28
What is the value of -13 - (-11 - (-3 - 2))?
-7
Calculate 1 - (1 + 6 + 23 + -23).
-6
What is the value of 9 - (-12 - (10 + -18 + 10))?
23
(-10 - (-13 - -17)) + 1
-13
What is the value of 20 + -1 - 11 - (20 + -8)?
-4
What is the value of 6 + -5 + -19 + 9?
-9
What is the value of 11 - (2 + 16 + -8)?
1
-45 + (5 - (9 + -12 + 15 + -16))
-36
What is -14 + -13 + (19 - -5)?
-3
What is -1 - -74 - (275 - 236)?
34
What is (20 + -14 - -5) + 18 + (-1 - 4)?
24
Evaluate -2 + (18 - 21) + 2.
-3
What is -6 + -12 + 1 + 3?
-14
-8 + -4 + 5 + -4 + 5 + 13
7
16 - (-80 + 40 - -70)
-14
Calculate 3 + -13 - (323 + -323).
-10
What is (-25 + 6 - -8) + 7?
-4
Calculate 19 + -28 - (-11 - (-1 - 3)).
-2
Evaluate 0 + (-16 - (4 + -15)).
-5
What is 283 + -298 + (0 - -12)?
-3
0 + (-60 - -13 - -12) - -14
-21
What is -7 + (8 + -5 - 8) + 3 + 1?
-8
What is the value of (12 - 48) + (-16 - -34)?
-18
-5 - (-8 + 12 + 0 + -6)
-3
What is 148 + -175 + -7 + 1?
-33
Evaluate (34 - 0) + (6 - 2 - (14 + -2)).
26
(3 - ((-4 - 4) + 1)) + -194 + 206
22
(1 - 3) + 4 + -15 + (58 - 54)
-9
What is the value of -5 + -1 + (-7 - (8 - (-9 - -11)))?
-19
-2 - (-2 + -3 + 2) - (19 - 11)
-7
Calculate -2 + 0 + -1 + -1 - (-49 - -33).
12
Calculate 34 + -25 + -5 - -17.
21
What is 51 + -44 + (-5 - -13)?
15
Calculate (43 - (25 - (11 + 0))) + -7.
22
Evaluate (-1 - 16) + 30 + -1.
12
Evaluate (13 - -6) + (-4 - (3 - -7)).
5
(33 - (32 - 10)) + (-1 - (2 + -27))
35
What is the value of -5 - (-4 + -7) - -4 - (-3 + 9)?
4
What is the value of -51 + 0 + 24 - -8?
-19
What is the value of (-6 + 1 - (0 + 1 + -5)) + 0?
-1
Calculate (-6 - -2) + -1 + (6 + -30 - -30).
1
-2 + 22 - 15 - (2 - 5)
8
What is the value of 5 + -25 + (-1 - (-2 - -5)) + 5?
-19
Evaluate 17 - (20 - (-31 - -17)) - -16.
-1
Calculate -1 + 9 + -1 - (14 - (-15 + 15)).
-7
What is the value of (0 - -9) + (-27 - -31) - 8 - 19?
-14
Evaluate (-24 - -10) + 16 + -3.
-1
What is 19 + -1 + (5 - 28)?
-5
Evaluate (-3 - -2 - 1) + (7 - 4).
1
What is the value of -1 - -2 - (-342 + 333)?
10
Calculate -12 - -1 - (-2 - (-23 + 15)).
-17
What is 5 - 25 - -26 - (8 - 1)?
-1
11 + 4 + -8 + -5 + 6 + -15
-7
(0 - 1) + (8 - (15 + -8))
0
What is 13 + 5 + -30 - -23?
11
-2 + (-15 - (-17 - -9) - -12)
3
Evaluate -16 - ((10 + -2 - -10) + -13).
-21
Evaluate -4 + -2 + 1 - (200 + -222).
17
-25 - (-23 - -4) - 11
-17
Evaluate (0 - (-3 + (9 - -12))) + (8 - 3).
-13
(0 - 21) + -157 + 165 + 8
-5
Evaluate 37 - 49 - (-7 + -1).
-4
Evaluate -1 + 9 + (-11 + 24 - 15) - -6.
12
Evaluate -18 - (-1 + 4 + -23 + 15).
-13
What is -7 - (-6 + 10) - (1 + -1)?
-11
What is 18 + (-17 - -11) + (2 - 10)?
4
Evaluate (123 - 112) + -6 + 1 - 13.
-7
What is 5 + (32 + -41 - (-2 + 2))?
-4
(2 - 0) + 14 + -6
10
What is the value of 4 + (-6 - (-5 - -7))?
-4
Evaluate 6 + (3 + -12 - 0 - (-34 + 27)).
4
0 + (1 - -3) + (234 - 235)
3
What is -12 + (94 + -45 - 42)?
-5
1 + ((2 - 9) + -3 - -11)
2
0 + (10 - -22) - (23 - 22)
31
What is -14 + -2 + (0 - 6) + 350 + -340?
-12
What is the value of (0 + -4 - -7) + 7 + -10?
0
Calculate 1 + 39 - (34 + 14 + -32).
24
Evaluate -1 + 2 - -1 - (18 - (4 - -5)).
-7
Calculate 109 + -116 - (0 - (-2 - -19)).
10
Calculate (-1 - (-43 - -18)) + -2.
22
Calculate 27 + (23 + 8 - 25).
33
Calculate 17 + -8 + 2 - 13.
-2
What is the value of 2307 - 2283 - (-5 + 1)?
28
0 - -19 - (-2073 + 2103)
-11
What is the value of 20 + 34 + -51 + 0 + 1 - -22?
26
(-6 - (-24 - (6 - 12))) + -8
4
Calculate 17 + -24 - (-51 - -20).
24
What is -24 + -8 + (10 - 1 - -3) + -3?
-23
What is the value of (-21 - -28 - -5) + 4?
16
What is the value of -3 + (-6 - -1 - (-15 - 1))?
8
What is the value of -17 + (2 + 3 - -4)?
-8
(19 - (0 - -21)) + -12
-14
(6 - 1) + (-25 - -13 - (7 - 5))
-9
What is the value of 1 - (1 - 0) - (21 - (25 - -4))?
8
What is the value of 783 + -815 + (18 - 0)?
-14
Evaluate 22 + 2 - (-5 - (-12 - 2)).
15
Calculate 0 - (-10 - 0) - 12.
-2
Calculate -17 + 26 + -14 + (-5 - -3 - -17).
10
Calculate 7 - (-53 + 58 - (13 - 2)).
13
Calculate -25 - (18 + -18 + -16).
-9
What is the value of 12 - (-22 - -22 - (23 - -3))?
38
Calculate 38 - (26 + 2) - (-8 + 1).
17
22 + -2 + -38 + 28
10
What is the value of 15 - (2 + 14 + -8) - (-4 - -5)?
6
Calculate (-4 - 1) + (5 - 10 - (-42 - 0)).
32
Calculate -35 + (-25 + -1 - -96).
35
Calculate (2 - (17 + -6)) + 0 + 6.
-3
(-12 - (8 + -32)) + -13
-1
Evaluate 9 + 6 + -21 + 0 + (-1 - 0).
-7
Evaluate 17 - (-5 - 1 - (-113 - -117)) - -1.
28
What is the value of -20 - -20 - (-15 + 42)?
-27
What is the value of 8 - (6 + -5) - -2?
9
Evaluate -18 - -31 - (2 - (-5 + -3)).
3
18 + -2 - (4 + 2)
10
What is the value of 6 + -3 + -15 + 6 + -6 + 8?
-4
What is 1 + -2 + 3 + (-4 + 5 - -10)?
13
Evaluate 6 + -25 + 22 + 12.
15
Calculate 23 - (13 - -26) - 6.
-22
Evaluate -6 + 11 + 13 + (4 + -9 - 0).
13
Calculate -10 + (-11 - (2 + -7)) - -3.
-13
What is -16 + 1 + (-1509 - -1550)?
26
Calculate -4 + 14 + -10 + 9 - (2 - -1).
6
Evaluate 28 + (-52 - (-6 - 35)).
17
What is -11 + (18 - (-10 - -13)) + -2 + -24?
-22
What is the value of -2 - (11 + -3 - (4 - 1))?
-7
What is the value of (23 - 4 - 16) + 5?
8
Evaluate 2 + 0 + -3 + -3 + 17.
13
Calculate 0 - 4 - (-10 - -12).
-6
15 + -11 - (1 - 0 - (-3 - -17))
17
What is the value of (0 - 1 - 0 - -3 - -2) + -16?
-12
Calculate -23 + (21 - -4 - -22).
24
13 + -14 + -5 + 23 - 9
8
Evaluate (-12 - (8 + 19 - 15)) + 5 + 1.
-18
-16 + (8 - 12 - (5 - (9 + 4)))
-12
Evaluate -32 + -8 + -18 + 17 + 7.
-34
1 + 13 + -5 + 18 + -2 + 0
25
Calculate 1 + -5 + -7 - (-3 + -8).
0
Evaluate -4 + 8 - (4 + -3) - -8.
11
29 + 2 + (5 - (10 - -2))
24
Evaluate (-1 - (1 + 7) - -16) + 20 + -21.
6
255 + -225 + 1 + -1 + -11
19
What is the value of -1 - (24 + -29 - (1 + -6))?
-1
What is (-12 - 0) + -3 - -33?
18
What is -43 - -3 - (-204 + 186)?
-22
(-30 - -32) + -7 + -3 + 5 + 0
-3
What is 15 + (2 - 24) - -30?
23
Evaluate -11 - (-37 - -14) - 12.
0
What is the value of 1 - 7 - (-21 - (-29 + 9))?
-5
Calculate 0 + (-13 - (7 + -13)).
-7
Evaluate (-2 - 2) + (-22 + 40 - 18).
-4
Evaluate -8 + 5 - (-4 + (17 - 7)).
-9
Evaluate 74 - 70 - (7 + 1).
-4
Calculate (-86 - 5 - -32) + 29.
-30
What is -7 + -12 - (-25 + 2)?
4
What is the value of (-5 - 14) + (39 - 37)?
-17
(-1 - 0) + 113 + -89 - -3 - 3
23
35 + -3 + (-11 - 14)
7
Calculate 0 - ((-3 - 6) + 49 + -3 + -8).
-29
What is the value of 93 + -84 + (-9 - 0) - (12 + -1)?
-11
What is (0 - -1) + 1 + (5 - 15) + 15?
7
What is (-34 - -23 - -23) + 0?
12
Calculate 29 + (7 - (3 - -1)) + -6.
26
What is (-9 - -3) + (-1 - -14) + -5 + -11?
-9
Evaluate 13 + (6 - 31) + 17 - 31.
-26
What is 9 + -14 - 